{"id":226,"date":"2023-02-16T22:41:22","date_gmt":"2023-02-17T02:41:22","guid":{"rendered":"https:\/\/data.com.ve\/?page_id=226"},"modified":"2023-11-18T06:11:24","modified_gmt":"2023-11-18T10:11:24","slug":"radiocomunicaciones","status":"publish","type":"page","link":"https:\/\/data.com.ve\/blogs\/productos\/radiocomunicaciones\/","title":{"rendered":"RADIOCOMUNICACIONES"},"content":{"rendered":"\n<p><\/p>\n\n\n\n<p>Tambi\u00e9n podemos brindarte soluciones alternativas en <strong>comunicaciones de voz<\/strong>, sobre todo para esos lugares donde requieras de una comunicaci\u00f3n directa y eficaz la cual permita simplificar procedimientos y mejorar la operatividad de tu organizaci\u00f3n, a trav\u00e9s del montaje o despliegue de plataformas de radio de onda corta e incluso de larga distancia, un sistema de comunicaci\u00f3n ideal para organ\u00edsmos de seguridad, Centros Comerciales, Cl\u00ednicas y Hoteles, Industrias, Campos agr\u00edcolas y mucho m\u00e1s.<\/p>\n\n\n\n<p><\/p>\n\n\n\n<figure class=\"wp-block-gallery has-nested-images columns-3 is-cropped wp-block-gallery-1 is-layout-flex wp-block-gallery-is-layout-flex\">\n<figure class=\"wp-block-image size-full is-style-rounded\"><img loading=\"lazy\" decoding=\"async\" width=\"639\" height=\"261\" data-id=\"261\" src=\"https:\/\/data.com.ve\/wp-content\/uploads\/2023\/02\/DATA-radiocomunicaciones2.jpg\" alt=\"\" class=\"wp-image-261\" srcset=\"https:\/\/data.com.ve\/blogs\/wp-content\/uploads\/2023\/02\/DATA-radiocomunicaciones2.jpg 639w, https:\/\/data.com.ve\/blogs\/wp-content\/uploads\/2023\/02\/DATA-radiocomunicaciones2-300x123.jpg 300w\" sizes=\"auto, (max-width: 639px) 100vw, 639px\" \/><figcaption class=\"wp-element-caption\">ORGANISMOS P\u00daBLICOS<\/figcaption><\/figure>\n\n\n\n<figure class=\"wp-block-image size-full is-style-rounded\"><img loading=\"lazy\" decoding=\"async\" width=\"1200\" height=\"1200\" data-id=\"248\" src=\"https:\/\/data.com.ve\/wp-content\/uploads\/2023\/02\/Radiocomunicaciones4.jpg\" alt=\"\" class=\"wp-image-248\" srcset=\"https:\/\/data.com.ve\/blogs\/wp-content\/uploads\/2023\/02\/Radiocomunicaciones4.jpg 1200w, https:\/\/data.com.ve\/blogs\/wp-content\/uploads\/2023\/02\/Radiocomunicaciones4-300x300.jpg 300w, https:\/\/data.com.ve\/blogs\/wp-content\/uploads\/2023\/02\/Radiocomunicaciones4-1024x1024.jpg 1024w, https:\/\/data.com.ve\/blogs\/wp-content\/uploads\/2023\/02\/Radiocomunicaciones4-150x150.jpg 150w, https:\/\/data.com.ve\/blogs\/wp-content\/uploads\/2023\/02\/Radiocomunicaciones4-768x768.jpg 768w\" sizes=\"auto, (max-width: 1200px) 100vw, 1200px\" \/><figcaption class=\"wp-element-caption\">SISTEMAS DE REPETICI\u00d3N DE SE\u00d1AL<\/figcaption><\/figure>\n\n\n\n<figure class=\"wp-block-image size-full is-style-rounded\"><img loading=\"lazy\" decoding=\"async\" width=\"446\" height=\"294\" data-id=\"113\" src=\"https:\/\/data.com.ve\/wp-content\/uploads\/2023\/02\/DATA-radiocomunicaciones-1.jpg\" alt=\"\" class=\"wp-image-113\" srcset=\"https:\/\/data.com.ve\/blogs\/wp-content\/uploads\/2023\/02\/DATA-radiocomunicaciones-1.jpg 446w, https:\/\/data.com.ve\/blogs\/wp-content\/uploads\/2023\/02\/DATA-radiocomunicaciones-1-300x198.jpg 300w\" sizes=\"auto, (max-width: 446px) 100vw, 446px\" \/><figcaption class=\"wp-element-caption\">ORGANSMOS PRIVADOS<\/figcaption><\/figure>\n<\/figure>\n\n\n\n<p><\/p>\n\n\n\n<pre class=\"wp-block-preformatted\"><\/pre>\n\n\n\n<p><\/p>\n\n\n\n<h2 class=\"wp-block-heading\">PRODUCTOS Y SERVICIOS<\/h2>\n\n\n\n<ul class=\"wp-block-list\">\n<li>MONTAJE, CONFIGURACI\u00d3N Y CALIBRACI\u00d3N DE EQUIPOS Y SISTEMAS DE TRANSMISI\u00d3N  VHF\/UHF\/HF.<\/li>\n\n\n\n<li>MANTENIMIENTO Y SANEAMIENTO DE INFRAESTRUCTURAS DE RADIOCOMUNICACIONES.<\/li>\n\n\n\n<li>SERVICIO DE REPETICI\u00d3N DE SE\u00d1AL VHF\/UHF Regional (Consultar cobertura).<\/li>\n\n\n\n<li>VENTA DE EQUIPOS DE RADIOCOMUNICACI\u00d3N VHF\/UHF.<\/li>\n\n\n\n<li>SERVICIOS DE PROGRAMACI\u00d3N DE RADIOS VHF\/UHF.<\/li>\n<\/ul>\n\n\n\n<p><\/p>\n\n\n\n<p>Para cualquier informaci\u00f3n no dudes en escribirnos a trav\u00e9s del siguiente enlace de <a href=\"https:\/\/api.whatsapp.com\/send\/?phone=584144240744&amp;text&amp;type=phone_number&amp;app_absent=0\">CONTACTO.<\/a><a href=\"https:\/\/api.whatsapp.com\/send\/?phone=582412768465&amp;text&amp;type=phone_number&amp;app_absent=0\">.<\/a><\/p>\n","protected":false},"excerpt":{"rendered":"<p>Tambi\u00e9n podemos brindarte soluciones alternativas en comunicaciones de voz, sobre todo para esos lugares donde requieras de una comunicaci\u00f3n directa y eficaz la cual permita simplificar procedimientos y mejorar la operatividad de tu organizaci\u00f3n, a trav\u00e9s del montaje o despliegue de plataformas de radio de onda corta e incluso de larga distancia, un sistema de [&hellip;]<\/p>\n","protected":false},"author":1,"featured_media":0,"parent":33,"menu_order":0,"comment_status":"closed","ping_status":"closed","template":"template\/fullwidth.php","meta":{"footnotes":""},"class_list":["post-226","page","type-page","status-publish","hentry"],"_links":{"self":[{"href":"https:\/\/data.com.ve\/blogs\/wp-json\/wp\/v2\/pages\/226","targetHints":{"allow":["GET"]}}],"collection":[{"href":"https:\/\/data.com.ve\/blogs\/wp-json\/wp\/v2\/pages"}],"about":[{"href":"https:\/\/data.com.ve\/blogs\/wp-json\/wp\/v2\/types\/page"}],"author":[{"embeddable":true,"href":"https:\/\/data.com.ve\/blogs\/wp-json\/wp\/v2\/users\/1"}],"replies":[{"embeddable":true,"href":"https:\/\/data.com.ve\/blogs\/wp-json\/wp\/v2\/comments?post=226"}],"version-history":[{"count":23,"href":"https:\/\/data.com.ve\/blogs\/wp-json\/wp\/v2\/pages\/226\/revisions"}],"predecessor-version":[{"id":434,"href":"https:\/\/data.com.ve\/blogs\/wp-json\/wp\/v2\/pages\/226\/revisions\/434"}],"up":[{"embeddable":true,"href":"https:\/\/data.com.ve\/blogs\/wp-json\/wp\/v2\/pages\/33"}],"wp:attachment":[{"href":"https:\/\/data.com.ve\/blogs\/wp-json\/wp\/v2\/media?parent=226"}],"curies":[{"name":"wp","href":"https:\/\/api.w.org\/{rel}","templated":true}]}}